 factor of t?
False
Suppose 2*d + 2*d + o - 10318 = 0, 0 = o - 6. Does 4 divide d?
False
Let f = 1637 + 5010. Does 12 divide f?
False
Suppose -29*p - 627 = -10*p. Does 25 divide p/(-1)*(-15 + 48)?
False
Suppose 0 = -4*b + 5*f + 855, -49*b = -45*b - 15*f - 925. Is b a multiple of 51?
False
Let a(j) = -15*j + 28. Let m be a(2). Let r(l) = 22*l**2 + 3*l - 2. Does 18 divide r(m)?
False
Let a(y) be the third derivative of -y**4/24 + 157*y**3/3 + 2*y**2 + 7. Is a(0) a multiple of 34?
False
Let g = 303 - 298. Suppose g*s + 3*b - 486 = 0, 5*s = -3*b - 2*b + 480. Does 3 divide s?
True
Suppose -4*y + t + 17472 = 0, 83*t - 78*t = 3*y - 13087. Is 30 a factor of y?
False
Let i = 27604 + -13568. Does 4 divide i?
True
Let i = 8 - -30. Let x = 624 + -602. Suppose x = 4*b - i. Does 7 divide b?
False
Suppose -2*t - 3*x - 41 = 3*t, 0 = -3*t - 4*x - 18. Does 8 divide 496/3*(10 + (t - -3))?
True
Suppose -z + 89 = -15*l + 19*l, -3*l + 63 = -3*z. Suppose 0 = 3*q - m - 3034, -3*q - l*m + 3029 = -18*m. Does 27 divide q?
False
Let d(l) = 9*l**2 - 8*l + 5. Let p(v) be the third derivative of v**5/60 + v**4/24 - v**3/3 + 6*v**2 - 3*v. Let g(o) = d(o) + 5*p(o). Is 14 a factor of g(3)?
True
Does 21 divide (13 + (-121410)/(-105))*7?
False
Is 48 a factor of (57/(-171))/(3/(-45333))?
False
Let s = -49 - -66. Let r(u) = 4*u**2 + 3*u + 2. Let g be r(-2). Let f = g + s. Is 4 a factor of f?
False
Let j(m) = -2*m**2 + 34*m - 141. Let s be j(9). Suppose 0 = g - 2*g - 2*a - 2, g = -a - 2. Does 11 divide 211 - ((-2)/(-2) + g + s)?
True
Let m(q) = 10*q + 488. Is 3 a factor of m(19)?
True
Let a(b) = -7*b + 33. Let d be a(9). Let n be -1 + (-11336)/d + (-14)/(-105). Let t = 547 - n. Is t a multiple of 22?
False
Let u = 3451 + -3069. Is u a multiple of 18?
False
Let d(h) be the second derivative of 7*h**3/6 + 3*h**2 - 15*h - 1. Suppose 88 = n + 3*n. Is 20 a factor of d(n)?
True
Suppose 0*x - 10 = -5*x. Suppose 4*h - 23 = -7. Suppose -757 = -h*s + x*n + n, -5*s = 5*n - 955. Does 10 divide s?
True
Let h = -171 + 11. Let q = h + 184. Is 6 a factor of q?
True
Let q be 2/(-15)*33*(-155)/(-1). Let m = 1344 + q. Is m a multiple of 68?
False
Let y = -1431 - -7739. Is 51 a factor of y?
False
Suppose -30*o = -34651 - 144590 - 16239. Is o a multiple of 36?
True
Let c(i) = i**2 + 2*i + 2. Let q be c(-3). Suppose 0*z - q*z = 25, -3*n - 4*z - 251 = 0. Let m = n + 113. Is m a multiple of 12?
True
Let m(a) = 499*a - 4482. Is m(18) a multiple of 4?
True
Suppose 1 = w + h, -w + 54*h + 7 = 58*h. Let u(l) = -300*l**3 + 3*l**2 + l - 1. Does 21 divide u(w)?
False
Let i(l) = 5*l**3 + 15*l**2 + 4*l - 44. Let o(d) = d**3 - d - 1. Let b(v) = -i(v) + 4*o(v). Let w = 14 + -29. Is b(w) a multiple of 19?
False
Let q(v) = -5*v**2 - 5*v - 3. Let p(r) = 5*r**2 + 4*r + 4. Let d(s) = 4*p(s) + 3*q(s). Let y be d(-7). Suppose -4*f - y = -749. Is f a multiple of 14?
True
Let m(d) = 497*d**2 + 9*d + 22. Let h be m(-5). Suppose 21653 = 49*r - h. Does 20 divide r?
False
Let w(a) = -4*a**3 - 1. Let b be w(-1). Suppose 0 = -2*d + 1 + b. Is 23 a factor of (((-6)/(-9))/d)/(1/345)?
True
Suppose -663 + 679 = -2*k, -5*r = -k - 49213. Is 39 a factor of r?
False
Does 25 divide 3750/(-45)*((-1)/2 + -1)?
True
Suppose 38826 - 36495 = 3*g. Is 7 a factor of g?
True
Let y(p) = -7*p + 40. Let a be y(5). Suppose -a*n = -3*u + 16, -u = -5*n - 8 - 4. Suppose 135 = 3*c - 2*m - m, -75 = -u*c - m. Does 10 divide c?
True
Suppose -2 = -q - o - 1, 0 = -2*q - 3*o + 1. Let k = 16 - q. Suppose 10*h + 188 = k*h. Does 6 divide h?
False
Let f = 31057 + -7828. Does 29 divide f?
True
Let x be (128/24 + -3)*39. Suppose 1155 - x = 8*f. Is 20 a factor of f?
False
Let b(s) = -103 + 49*s - 51 - 10*s. Is 6 a factor of b(11)?
False
Let y = 67 - 47. Let u be (y + -2)/(6/(-3)). Let k(c) = -c**3 - 6*c**2 + 15*c + 22. Does 33 divide k(u)?
False
Suppose -9*s = -4*s - 100. Suppose -2*g - s = 3*g + 4*r, 4*r = -20. Suppose g*j - 10*j = -80. Is j a multiple of 2?
True
Let a = -601 + 1142. Does 6 divide a?
False
Let i(q) = -2*q**2 + 34*q + 21. Let x be i(19). Suppose 2*l + 120 = -3*l. Let d = l - x. Is d a multiple of 9?
False
Let d be 0*(0/(-4) - 1). Let j(n) be the third derivative of n**6/120 - n**5/60 + n**4/12 + 37*n**3/6 - 38*n**2. Is j(d) a multiple of 7?
False
Suppose 7*v = 10*v - 24. Suppose 2*p + 8 + 0 = 2*q, -2*p + v = 0. Suppose m + q = 23. Is m a multiple of 15?
True
Let z(u) be the second derivative of 0 - 9*u + 2/3*u**3 + 1/6*u**4 - 7/10*u**5 + u**2. Is z(-1) a multiple of 2?
True
Let g(d) = 24 - 44*d + 9 - 11. Let o be g(-13). Suppose -8*t + o = 4*q - 3*t, 5*q - 5*t - 765 = 0. Is 12 a factor of q?
False
Let x be (3/2)/(30/12 - 2). Let g be 3*(5 - 0 - x). Is 20*(4 - g/(-8)) a multiple of 16?
False
Let a(t) = -t**3 - 8*t**2 - 5*t + 4. Let x be a(-6). Let l(w) = w**3 - 4*w**2 + 8*w + 12. Let z be l(6). Let i = x + z. Is 19 a factor of i?
False
Let m(g) = -14*g + 28. Suppose -2*y = -0*y - 3*o + 21, 0 = 4*y - o + 57. Does 34 divide m(y)?
True
Suppose 0*p = -8*p + 112. Let x(q) = 12*q + 58. Does 5 divide x(p)?
False
Suppose 108 = -22*u - 24. Is 23 a factor of 4434/24 + u/8?
True
Let z = -33 + -1. Let x = z - -49. Suppose 27 = a + x. Is a a multiple of 7?
False
Let q(x) = x**2 + 21*x - 28. Let v be q(-22). Let b be 680/(-45)*v*-6. Is b/6*(-2)/4*3 a multiple of 13?
False
Let p = 33512 + -21758. Does 6 divide p?
True
Suppose -4*u + 32848 = 3*q, -6*u + 8*u = 4*q + 16402. Does 22 divide u?
False
Suppose 2*c + v = -5 + 3, 5*c = 4*v + 8. Suppose 2*o + c*o - o = 0. Suppose -4*n = -2*g - 16, o = n - 5*g + 9*g - 13. Does 2 divide n?
False
Let j = 35857 - 11277. Does 73 divide j?
False
Suppose 50075 - 214649 = -41*d. Does 24 divide d?
False
Let l be (195/325)/(2 - 18/10). Does 50 divide (-6 - (-18)/2)*538/l?
False
Suppose 5*c - 9770 = 2*d, 0*d + 4*d = -c - 19562. Let i be 3/2*d/(-9). Suppose f + i = 5*v + 5*f, -3*v + 489 = -3*f. Does 10 divide v?
False
Suppose 5*p + 0*p = 0. Suppose 19 = -0*b + b - 3*v, -2*v + 6 = p. Suppose -3*d + 20 = -b. Does 4 divide d?
True
Let i = 167 - 165. Suppose 0 = 2*w + 2*w + f - 242, -i*w - 4*f + 128 = 0. Does 15 divide w?
True
Let p = 4465 + -4620. Let q(w) = 25*w - 3. Let h be q(-3). Let x = h - p. Is 7 a factor of x?
True
Suppose j = 2*i + 64 + 149, -2*i - 3*j = 217. Let z = 134 + i. Is z a multiple of 9?
True
Let l be (-1)/(-8)*0 - -3. Suppose -2223 = -4*s + 3*y + 1242, l*y - 4365 = -5*s. Is s a multiple of 10?
True
Let c = 350 + -397. Is (-5 - -8 - c)*4 a multiple of 8?
True
Let p = -6 - -9. Suppose g + n - 177 = -n, 0 = 3*g + p*n - 522. Let o = g + -23. Is o a multiple of 36?
False
Suppose -137*d - 36720 = -145*d. Is 6 a factor of d?
True
Is 2 + 8382/22 - -23 a multiple of 3?
False
Suppose 2*v + 103 = 29. Let x be -76 - 9/(-12)*-4. Let l = v - x. Is l a multiple of 21?
True
Does 57 divide -1 + 7 - (-5863 - -9)?
False
Let r(f) = -4821*f**3 - 3*f**2 - 644*f - 1288. Is 18 a factor of r(-2)?
True
Suppose -125 = -53*f + 8408. Let w be (-2)/(-9) + (-760)/18. Let l = w + f. Does 11 divide l?
False
Let q(x) = x**2 - 79*x + 542. Is q(7) a multiple of 7?
False
Let v be (-629)/51 + (-2)/(-6). Let s be (10/v)/((-5)/30). Suppose -3*t - 327 = -2*o, 3*t + t = s*o - 828. Is o a multiple of 21?
True
Let k = -2 + 4. Suppose v = 4*f + 737, -3621 = -7*v + k*v + 4*f. Suppose 575 = 4*q + y, -5*q + 10*q = y + v. Is 22 a factor of q?
False
Is 32/(-48) + 9814/6 a multiple of 15?
True
Let l = 22983 - 8628. Is 123 a factor of l?
False
Suppose -43*k + 85749 = -54372 - 220047. Does 8 divide k?
True
Let s = 334 - 280. Is 18 a factor of s?
True
Let b(o) be the third derivative of o**5/12 + o**4/24 + o**3/6 - 10*o**2. Let t be b(-1). Suppose 3*c + 5*l - 15 = 1, t*c + l = 56. Is c even?
True
Suppose -8040 = -2*s + g, 0 = 3*s + 5*g - 16271 + 4211. Is 5 a factor of s?
True
Let j(k) = 4*k**3 + 12*k**2 + 70*k + 20. Let i(o) = 3*o**3 + 13*o**2 + 68*o + 21. Let b(h) = 5*i(h) - 4*j(h). Is 7 a factor of b(20)?
False
Let u = 4199 - 1643. Does 12 divide u?
True
Let g be ((8/12)/(-2))/((-1)/15). Suppose -i - 2271 = -g*q, -4*q + 5*i = -59 - 1762. Does 12 divide q?
False
Suppose 100*f - 555979 = 585521. Does 39 divide f?
False
Let y = -182 + 224. Is 6/y - 1665/(-7) a multiple of 44?
False
Suppose -3718 = -u + 3*k, 4*k + 38080 = 8*u + 8196. Does 15 divide u?
False
Let x be (-2)/5 - (